common factor of 83570103 and 214.
107
What is the highest common divisor of 66470 and 20574420?
3910
Calculate the greatest common divisor of 30725 and 100525.
25
What is the greatest common factor of 2178 and 145258806?
726
What is the highest common factor of 945168 and 14964?
348
What is the greatest common divisor of 52515 and 3527452?
389
Calculate the highest common divisor of 891 and 304380747.
891
Calculate the greatest common divisor of 177582 and 28968.
102
Calculate the greatest common divisor of 2090 and 1275071.
19
Calculate the highest common factor of 6281251 and 899.
31
What is the greatest common divisor of 72415 and 4795?
35
Calculate the greatest common divisor of 14774568 and 1080.
24
What is the highest common factor of 15700848 and 1376?
688
Calculate the highest common factor of 20992 and 5741558.
82
What is the greatest common divisor of 9350871 and 7719?
93
Calculate the highest common divisor of 3462 and 150957.
3
Calculate the highest common factor of 36 and 471869721.
9
What is the greatest common factor of 122516 and 7036604?
436
Calculate the greatest common divisor of 296 and 39501496.
296
Calculate the greatest common factor of 253 and 3298779.
11
Calculate the greatest common factor of 60627248 and 220.
44
Calculate the greatest common divisor of 12973195 and 25.
5
Calculate the greatest common divisor of 43050 and 1974.
42
What is the greatest common factor of 1638385 and 245?
35
Calculate the highest common divisor of 18 and 55936242.
18
What is the highest common divisor of 108 and 135640116?
108
Calculate the greatest common divisor of 67056 and 2495931.
381
What is the greatest common divisor of 57600712 and 7696?
3848
Calculate the greatest common divisor of 65586 and 21216.
102
Calculate the highest common factor of 3295565 and 14560.
455
What is the greatest common factor of 4824793 and 56412?
1567
What is the highest common factor of 345 and 234565845?
345
What is the greatest common factor of 19548 and 1615896?
108
What is the highest common factor of 3874 and 18274850?
298
Calculate the highest common divisor of 2487430 and 385.
55
Calculate the highest common divisor of 387283 and 208.
13
What is the highest common divisor of 6448 and 3265664?
496
What is the highest common divisor of 3176523 and 14?
7
What is the highest common divisor of 816635931 and 3189?
3189
Calculate the greatest common divisor of 38989 and 2717673.
127
Calculate the greatest common divisor of 2043040 and 920.
40
What is the greatest common divisor of 1960216 and 1488216?
472
Calculate the highest common divisor of 1088368 and 2288.
16
What is the greatest common factor of 750204 and 624?
156
Calculate the highest common divisor of 16 and 14108616.
8
Calculate the greatest common divisor of 353954591 and 57.
19
What is the greatest common factor of 464 and 10588364?
116
What is the highest common factor of 23517 and 6171906?
2613
Calculate the highest common divisor of 482353902 and 4476.
2238
Calculate the highest common divisor of 15866193 and 2328.
291
What is the highest common factor of 4 and 233326?
2
What is the greatest common divisor of 4902224 and 24?
8
What is the highest common divisor of 1960 and 5161856?
392
Calculate the greatest common factor of 63523812 and 4092.
132
What is the highest common factor of 42397803 and 3?
3
What is the greatest common divisor of 910805014 and 644?
322
What is the greatest common divisor of 491007 and 1155?
33
Calculate the greatest common factor of 14441811 and 132553.
3233
What is the greatest common divisor of 4232 and 1794920?
184
Calculate the greatest common factor of 27019384 and 7448.
392
What is the highest common divisor of 968 and 2616262?
242
Calculate the highest common factor of 6 and 20051058.
6
What is the greatest common factor of 2469237 and 11441?
673
Calculate the greatest common factor of 11210755 and 1728205.
4105
What is the highest common factor of 4426296 and 924?
84
Calculate the highest common divisor of 1523379 and 16907.
583
What is the highest common factor of 38152 and 102144?
152
What is the greatest common divisor of 5124 and 621102?
366
Calculate the greatest common divisor of 746731 and 15571.
677
What is the highest common factor of 300918047 and 53?
53
What is the highest common divisor of 99 and 5891721?
33
What is the highest common factor of 2076064 and 3520?
32
What is the greatest common divisor of 1749 and 868593?
33
Calculate the highest common factor of 120622 and 78556.
82
What is the highest common divisor of 3337 and 9153817?
71
Calculate the highest common divisor of 1498739 and 5719.
19
Calculate the highest common factor of 4408192 and 3008.
64
What is the highest common divisor of 3451 and 2748797422?
3451
Calculate the highest common divisor of 2141967 and 4107.
111
Calculate the highest common factor of 807455 and 693.
11
Calculate the greatest common divisor of 121 and 36209426.
11
Calculate the highest common factor of 18257967 and 393843.
7431
Calculate the greatest common divisor of 3484 and 50588551.
871
What is the highest common divisor of 1290913 and 142285?
2587
Calculate the greatest common factor of 4428 and 428459184.
1476
Calculate the greatest common divisor of 741646170 and 405.
45
What is the highest common divisor of 88511005 and 440?
55
What is the highest common factor of 6144 and 782976?
384
What is the highest common factor of 74074 and 1078?
154
Calculate the highest common factor of 939803 and 16908.
1409
What is the greatest common divisor of 1389230 and 6570?
10
What is the greatest common factor of 40 and 5042930?
10
What is the highest common divisor of 35 and 75158370?
35
Calculate the greatest common divisor of 315 and 300878928.
63
Calculate the greatest common factor of 475 and 152922450.
475
Calculate the greatest common divisor of 7 and 277735.
1
Calculate the highest common factor of 975400 and 9400.
200
What is the highest common divisor of 541168 and 240784?
2384
What is the greatest common factor of 1813 and 22280937?
49
Calculate the highest common factor of 509381 and 2461.
23
Calculate the greatest common factor of 346014120 and 240.
120
What is the highest common divisor of 2340 and 457769?
13
Calculate the greatest common divisor of 333215 and 820.
5
Calculate the greatest common factor of 117975 and 40625871.
4719
What is the greatest common divisor of 3340 and 785499530?
1670
What is the highest common divisor of 42 and 2280866?
14
What is the highest common divisor of 12 and 74530164?
12
Calculate the highest common divisor of 162 and 33219006.
6
What is the highest common factor of 519 and 101865168?
519
What is the highest common divisor of 274 and 5460528190?
274
What is the greatest common factor of 82 and 7112824?
2
Calculate the highest common factor of 80106 and 1715012.
338
What is the highest common factor of 70551 and 2962089?
1053
What is the highest common divisor of 1856749 and 3392?
53
What is the greatest common divisor of 85 and 4480503?
17
What is the highest common factor of 3662024 and 44404?
2612
What is the highest common divisor of 104 and 9357023?
13
What is the greatest common divisor of 1643 and 3173563?
31
Calculate the greatest common divisor of 45003384 and 864.
216
What is the greatest common divisor of 64 and 4446474?
2
What is the highest common divisor of 124 and 15591076?
4
Calculate the highest common divisor of 670 and 53747735.
335
What is the greatest common divisor of 23750 and 10678?
38
Calculate the greatest common divisor of 4478691 and 4581.
1527
What is the greatest common divisor of 1191 and 91802677?
397
What is the highest common factor of 3654 and 200883?
87
What is the highest common factor of 41266 and 3345554?
94
Calculate the highest common factor of 323 and 161519.
19
Calculate the highest common factor of 94314267 and 27.
27
Calculate the highest common factor of 364282395 and 93.
93
What is the greatest common divisor of 98069 and 6463?
281
What is the highest common divisor of 19256465 and 140?
5
Calculate the greatest common factor of 70 and 894341.
7
What is the greatest common factor of 8253 and 490?
7
Calculate the greatest common divisor of 34 and 44431217.
17
Calculate the greatest common divisor of 3885 and 71630775